ate the highest common factor of 15 and 615.
15
Calculate the highest common divisor of 58 and 2.
2
What is the highest common divisor of 10319 and 17?
17
What is the greatest common factor of 76 and 404?
4
What is the highest common factor of 912 and 57?
57
What is the highest common divisor of 69 and 213?
3
Calculate the greatest common divisor of 140 and 180.
20
Calculate the greatest common factor of 60 and 8940.
60
Calculate the greatest common factor of 832 and 26.
26
What is the greatest common factor of 372 and 1736?
124
What is the greatest common factor of 1575 and 4375?
175
Calculate the greatest common divisor of 1136 and 6532.
284
What is the highest common divisor of 441 and 9?
9
What is the greatest common factor of 175 and 100?
25
What is the highest common factor of 119 and 323?
17
What is the highest common divisor of 1232 and 231?
77
What is the greatest common factor of 59 and 59?
59
Calculate the highest common factor of 1265 and 1375.
55
What is the greatest common divisor of 13 and 7033?
13
What is the highest common factor of 144 and 63?
9
Calculate the greatest common factor of 41644 and 116.
116
What is the highest common divisor of 14 and 16247?
7
What is the greatest common divisor of 17 and 82756?
17
What is the highest common divisor of 128 and 608?
32
What is the highest common factor of 448 and 7?
7
What is the highest common factor of 25 and 535?
5
Calculate the highest common factor of 43 and 27.
1
Calculate the highest common divisor of 180 and 3620.
20
What is the highest common divisor of 34 and 1173?
17
Calculate the greatest common divisor of 127 and 889.
127
Calculate the greatest common divisor of 4640 and 160.
160
Calculate the greatest common divisor of 1813 and 37.
37
Calculate the greatest common factor of 408 and 252.
12
Calculate the greatest common divisor of 13590 and 90.
90
What is the highest common factor of 5925 and 825?
75
What is the greatest common divisor of 2 and 46?
2
Calculate the highest common divisor of 265 and 1696.
53
Calculate the highest common divisor of 28 and 532.
28
Calculate the greatest common factor of 101 and 4141.
101
What is the highest common divisor of 8658 and 234?
234
What is the highest common factor of 3 and 3?
3
What is the greatest common factor of 16 and 108?
4
Calculate the highest common divisor of 4330 and 10.
10
What is the greatest common factor of 24 and 900?
12
What is the highest common divisor of 120 and 375?
15
Calculate the highest common factor of 8 and 4.
4
Calculate the highest common factor of 244 and 16.
4
What is the greatest common factor of 10 and 7135?
5
Calculate the highest common divisor of 280 and 35.
35
What is the highest common divisor of 3698 and 86?
86
What is the highest common divisor of 45 and 10?
5
Calculate the highest common divisor of 1026 and 4959.
171
Calculate the highest common factor of 888 and 629.
37
Calculate the highest common factor of 365 and 949.
73
What is the greatest common factor of 33 and 572?
11
What is the highest common factor of 96 and 76?
4
Calculate the greatest common divisor of 1323 and 2499.
147
Calculate the highest common factor of 104 and 556.
4
Calculate the greatest common factor of 253 and 391.
23
What is the greatest common divisor of 4456 and 56?
8
Calculate the greatest common divisor of 27 and 14013.
27
What is the greatest common divisor of 72 and 444?
12
Calculate the greatest common divisor of 186 and 62.
62
What is the highest common factor of 88 and 184?
8
What is the greatest common factor of 7059 and 195?
39
Calculate the greatest common divisor of 26859 and 21.
21
What is the highest common factor of 55 and 33770?
55
What is the highest common divisor of 2885 and 10?
5
Calculate the greatest common factor of 76 and 3572.
76
What is the highest common factor of 832 and 156?
52
Calculate the greatest common divisor of 60 and 156.
12
Calculate the highest common divisor of 248 and 5.
1
What is the greatest common factor of 70 and 13405?
35
Calculate the highest common divisor of 5922 and 21.
21
Calculate the greatest common divisor of 2646 and 27.
27
Calculate the greatest common factor of 1150 and 50.
50
Calculate the highest common factor of 1426 and 46.
46
What is the highest common divisor of 6976 and 109?
109
Calculate the highest common divisor of 2 and 106.
2
What is the highest common factor of 3 and 2523?
3
Calculate the highest common factor of 156 and 312.
156
What is the highest common divisor of 243 and 2403?
27
What is the highest common divisor of 856 and 8?
8
What is the greatest common divisor of 96 and 18?
6
Calculate the greatest common factor of 600 and 8.
8
What is the greatest common divisor of 1157 and 39?
13
Calculate the greatest common divisor of 52 and 1001.
13
Calculate the highest common divisor of 52 and 104.
52
Calculate the highest common factor of 470 and 10.
10
Calculate the greatest common factor of 790 and 711.
79
Calculate the highest common divisor of 2 and 15.
1
Calculate the greatest common factor of 1075 and 200.
25
What is the highest common factor of 8 and 1712?
8
Calculate the highest common factor of 184 and 20.
4
What is the highest common factor of 336 and 240?
48
What is the highest common factor of 98 and 28?
14
Calculate the greatest common divisor of 18 and 13032.
18
Calculate the greatest common divisor of 297 and 990.
99
What is the highest common divisor of 72 and 2056?
8
Calculate the highest common factor of 72 and 64188.
36
Calculate the highest common divisor of 26553 and 159.
159
Calculate the greatest common factor of 387 and 172.
43
What is the highest common factor of 244 and 196?
4
Calculate the highest common factor of 93 and 3.
3
What is the highest common factor of 4526 and 620?
62
Calculate the greatest common factor of 9131 and 23.
23
Calculate the greatest common divisor of 5497 and 184.
23
Calculate the greatest common factor of 11 and 21593.
11
What is the greatest common factor of 236 and 8378?
118
Calculate the greatest common factor of 36 and 162.
18
Calculate the greatest common factor of 192 and 5472.
96
What is the highest common factor of 88 and 121?
11
What is the greatest common divisor of 28 and 5446?
14
What is the highest common divisor of 444 and 192?
12
What is the greatest common divisor of 84 and 72?
12
Calculate the greatest common divisor of 81 and 117.
9
What is the highest common factor of 62878 and 149?
149
What is the greatest common divisor of 810 and 1296?
162
Calculate the greatest common factor of 37 and 111.
37
Calculate the greatest common divisor of 19 and 20957.
19
Calculate the highest common factor of 286 and 52.
26
Calculate the greatest common divisor of 190 and 30.
10
Calculate the greatest common factor of 16 and 32.
16
What is the greatest common divisor of 713 and 46?
23
Calculate the highest common divisor of 360 and 5904.
72
Calculate the highest common divisor of 15 and 1095.
15
Calculate the greatest common factor of 455 and 105.
35
What is the highest common divisor of 194 and 31622?
194
Calculate the greatest common factor of 1792 and 24.
8
Calculate the highest common factor of 924 and 759.
33
What is the greatest common divisor of 11 and 253?
11
What is the highest common divisor of 1536 and 60?
12
What is the greatest common factor of 26 and 50?
2
Calculate the highest common factor of 468 and 364.
52
What is the highest common divisor of 27 and 180?
9
What is the greatest common factor of 39580 and 20?
20
Calculate the greatest common divisor of 237 and 1817.
79
What is the highest common factor of 10309 and 169?
169
What is the highest common factor of 1235 and 65?
65
What is the greatest common divisor of 71 and 20306?
71
What is the greatest common factor of 2402 and 2?
2
Calculate the highest common divisor of 5035 and 475.
95
Calculate the highest common factor of 866 and 54.
2
Calculate the greatest common factor of 190 and 1280.
10
Calculate the highest common factor of 832 and 2600.
104
Calculate the highest common divisor of 666 and 90.
18
What is the highest common factor of 485 and 5?
5
What is the greatest common factor of 70 and 18760?
70
What is the highest common divisor of 108 and 20664?
36
Calculate the greatest common divisor of 7 and 1673.
7
W